What is the remainder when 78433 is divided by 2824?
2185
Calculate the remainder when 59803 is divided by 38.
29
What is the remainder when 11614561 is divided by 297808?
49
Calculate the remainder when 10790983 is divided by 990.
973
Calculate the remainder when 73970321 is divided by 1720.
1
Calculate the remainder when 83496470 is divided by 271.
15
What is the remainder when 206187 is divided by 1930?
1607
What is the remainder when 58072746 is divided by 574?
18
What is the remainder when 60676740 is divided by 15752?
36
Calculate the remainder when 22998200 is divided by 13665.
5
What is the remainder when 291918 is divided by 36469?
166
What is the remainder when 23382284 is divided by 668065?
9
What is the remainder when 212548 is divided by 212447?
101
Calculate the remainder when 876477 is divided by 291879.
840
What is the remainder when 490171 is divided by 1293?
124
What is the remainder when 124689 is divided by 62310?
69
What is the remainder when 562715 is divided by 562700?
15
Calculate the remainder when 86142960 is divided by 119.
50
What is the remainder when 435234 is divided by 829?
9
Calculate the remainder when 1605555 is divided by 59465.
0
What is the remainder when 1864196 is divided by 50?
46
What is the remainder when 530479 is divided by 1032?
31
Calculate the remainder when 1658680 is divided by 94.
50
What is the remainder when 163038 is divided by 1568?
1534
What is the remainder when 108167 is divided by 40?
7
What is the remainder when 2072194 is divided by 195?
124
What is the remainder when 31433121 is divided by 197?
195
What is the remainder when 74440 is divided by 1404?
28
Calculate the remainder when 900137 is divided by 52890.
1007
What is the remainder when 2885590 is divided by 4509?
4339
What is the remainder when 58028329 is divided by 18871?
4
Calculate the remainder when 13924170 is divided by 464.
458
What is the remainder when 2895262 is divided by 1764?
538
What is the remainder when 710852 is divided by 1439?
1425
What is the remainder when 10761 is divided by 604?
493
What is the remainder when 1892858 is divided by 305?
28
What is the remainder when 66126959 is divided by 33584?
63
What is the remainder when 816839 is divided by 90721?
350
Calculate the remainder when 492006568 is divided by 1633.
1631
Calculate the remainder when 3776298 is divided by 132.
42
Calculate the remainder when 7680006 is divided by 1183.
1153
Calculate the remainder when 197164 is divided by 172.
52
What is the remainder when 2043168 is divided by 33?
6
Calculate the remainder when 188463 is divided by 62801.
60
What is the remainder when 105488 is divided by 5666?
3500
What is the remainder when 39553 is divided by 1476?
1177
Calculate the remainder when 717887 is divided by 343.
331
Calculate the remainder when 2136 is divided by 840.
456
Calculate the remainder when 49134037 is divided by 12812.
17
Calculate the remainder when 77676 is divided by 77378.
298
Calculate the remainder when 3752965 is divided by 53.
35
What is the remainder when 19191091 is divided by 107?
106
What is the remainder when 1101103 is divided by 550538?
27
What is the remainder when 2791722 is divided by 697930?
2
What is the remainder when 4021586 is divided by 179?
172
What is the remainder when 7295177 is divided by 3647515?
147
Calculate the remainder when 691911 is divided by 304.
7
What is the remainder when 17877 is divided by 124?
21
What is the remainder when 975907 is divided by 613?
11
Calculate the remainder when 10720517 is divided by 822.
815
Calculate the remainder when 667405 is divided by 44493.
10
What is the remainder when 2655311 is divided by 13?
9
What is the remainder when 16940368 is divided by 4235089?
12
Calculate the remainder when 377996 is divided by 70.
66
What is the remainder when 6977396 is divided by 75?
71
Calculate the remainder when 1154096 is divided by 48.
32
Calculate the remainder when 128071 is divided by 724.
647
What is the remainder when 129380 is divided by 42100?
3080
What is the remainder when 1607785 is divided by 647?
637
What is the remainder when 8616331 is divided by 292?
287
What is the remainder when 66276723 is divided by 6?
3
What is the remainder when 2963846 is divided by 116?
46
What is the remainder when 8302750 is divided by 4151311?
128
What is the remainder when 25569 is divided by 2209?
1270
Calculate the remainder when 2021041 is divided by 1042.
603
Calculate the remainder when 111319 is divided by 189.
187
What is the remainder when 2261081 is divided by 839?
815
What is the remainder when 11388890 is divided by 351?
344
Calculate the remainder when 82340977 is divided by 259.
215
What is the remainder when 10926590 is divided by 131?
11
Calculate the remainder when 4231580 is divided by 4231075.
505
What is the remainder when 14984 is divided by 14720?
264
Calculate the remainder when 103274622 is divided by 375.
372
What is the remainder when 13232004 is divided by 16356?
0
What is the remainder when 92542461 is divided by 399?
396
What is the remainder when 2678148 is divided by 209?
22
What is the remainder when 1418088 is divided by 3?
0
Calculate the remainder when 12426584 is divided by 69.
29
Calculate the remainder when 173067 is divided by 1236.
27
What is the remainder when 8808122 is divided by 5287?
5267
What is the remainder when 902414 is divided by 228?
218
Calculate the remainder when 14118047 is divided by 329.
328
Calculate the remainder when 79155 is divided by 79111.
44
What is the remainder when 803333 is divided by 368?
357
Calculate the remainder when 715127 is divided by 35600.
3127
Calculate the remainder when 16682 is divided by 16457.
225
What is the remainder when 166925111 is divided by 100?
11
What is the remainder when 51291516 is divided by 1146?
1140
Calculate the remainder when 10629153 is divided by 2094.
9
What is the remainder when 827973 is divided by 137992?
21
What is the remainder when 4540400 is divided by 45?
35
Calculate the remainder when 437052 is divided by 987.
798
Calculate the remainder when 123126827 is divided by 41042262.
41
What is the remainder when 2915866 is divided by 1457744?
378
Calculate the remainder when 17476244 is divided by 71.
20
What is the remainder when 4234582 is divided by 136595?
137
What is the remainder when 40771 is divided by 453?
1
Calculate the remainder when 5567048 is divided by 6907.
6
Calculate the remainder when 176711 is divided by 25040.
1431
Calculate the remainder when 102265 is divided by 2939.
2339
What is the remainder when 18917 is divided by 338?
327
Calculate the remainder when 52042 is divided by 38321.
13721
What is the remainder when 48974 is divided by 831?
776
Calculate the remainder when 16920 is divided by 7356.
2208
What is the remainder when 14918921 is divided by 763?
745
Calculate the remainder when 37604019 is divided by 13430.
19
Calculate the remainder when 1755827 is divided by 3776.
3763
Calculate the remainder when 3488512 is divided by 3488477.
35
Calculate the remainder when 152403 is divided by 2947.
2106
What is the remainder when 40669941 is divided by 1809?
3
Calculate the remainder when 7132535 is divided by 75878.
3
Calculate the remainder when 12559060 is divided by 3150.
10
Calculate the remainder when 3706441 is divided by 115814.
393
Calculate the remainder when 50870 is divided by 48528.
2342
What is the remainder when 2774538 is divided by 10?
8
What is the remainder when 198354 is divided by 21711?
2955
Calculate the remainder when 189335764 is divided by 230.
224
Calculate the remainder when 4121656 is divided by 421.
66
Calculate the remainder when 997956672 is divided by 1468.
1464
Calculate the remainder when 30632 is divided by 3811.
144
Calculate the remainder when 13420167 is divided by 45.
42
Calculate the remainder when 1543652 is divided by 113.
72
Calculate the remainder when 101466430 is divided by 53.
50
What is the remainder when 20528 is divided by 390?
248
What is the remainder when 2003572 is divided by 82?
66
What is the remainder when 11522031 is divided by 27?
24
What is the remainder when 11403019 is divided by 93?
10
What is the remainder when 208055 is divided by 238?
43
Calculate the remainder when 143864 is divi